 is the tens digit of 536765?
6
What is the ten thousands digit of 15191973?
9
What is the thousands digit of 18368104?
8
What is the hundreds digit of 3264185?
1
What is the thousands digit of 3544470?
4
What is the ten thousands digit of 7678180?
7
What is the thousands digit of 1511739?
1
What is the units digit of 2646?
6
What is the thousands digit of 22022006?
2
What is the hundreds digit of 775334?
3
What is the hundred thousands digit of 709390?
7
What is the hundreds digit of 1099286?
2
What is the units digit of 358825?
5
What is the tens digit of 263113?
1
What is the ten thousands digit of 124658?
2
What is the units digit of 884694?
4
What is the hundred thousands digit of 2132733?
1
What is the units digit of 37091640?
0
What is the thousands digit of 1747451?
7
What is the ten thousands digit of 64436?
6
What is the ten thousands digit of 650873?
5
What is the ten thousands digit of 74693?
7
What is the hundreds digit of 168822?
8
What is the hundred thousands digit of 209948?
2
What is the tens digit of 7107579?
7
What is the millions digit of 1784405?
1
What is the hundreds digit of 719520?
5
What is the units digit of 735510?
0
What is the tens digit of 18432631?
3
What is the tens digit of 6440605?
0
What is the thousands digit of 4831754?
1
What is the thousands digit of 1887752?
7
What is the ten thousands digit of 20638565?
3
What is the units digit of 3480957?
7
What is the thousands digit of 10929208?
9
What is the millions digit of 10144205?
0
What is the ten thousands digit of 80623?
8
What is the units digit of 150438?
8
What is the hundreds digit of 26089?
0
What is the hundred thousands digit of 2139810?
1
What is the units digit of 5939545?
5
What is the thousands digit of 258710?
8
What is the hundreds digit of 1475269?
2
What is the units digit of 339161?
1
What is the ten thousands digit of 23490629?
9
What is the units digit of 30368195?
5
What is the tens digit of 329284?
8
What is the hundreds digit of 300118?
1
What is the ten millions digit of 16851270?
1
What is the ten thousands digit of 29847?
2
What is the millions digit of 1311982?
1
What is the thousands digit of 652091?
2
What is the ten thousands digit of 8791029?
9
What is the hundreds digit of 320468?
4
What is the units digit of 5220561?
1
What is the tens digit of 647?
4
What is the tens digit of 862807?
0
What is the millions digit of 3128122?
3
What is the ten thousands digit of 710348?
1
What is the hundreds digit of 626998?
9
What is the ten thousands digit of 66217?
6
What is the tens digit of 6587502?
0
What is the tens digit of 203168?
6
What is the ten millions digit of 19860279?
1
What is the hundred thousands digit of 171727?
1
What is the thousands digit of 5974961?
4
What is the units digit of 5712325?
5
What is the tens digit of 57870?
7
What is the hundreds digit of 160947?
9
What is the units digit of 107472?
2
What is the ten thousands digit of 178501?
7
What is the millions digit of 6556811?
6
What is the tens digit of 2887198?
9
What is the tens digit of 1119269?
6
What is the thousands digit of 2726040?
6
What is the units digit of 200603?
3
What is the thousands digit of 153713?
3
What is the millions digit of 4551729?
4
What is the tens digit of 1077836?
3
What is the tens digit of 162914?
1
What is the hundred thousands digit of 1092396?
0
What is the hundred thousands digit of 1738030?
7
What is the thousands digit of 720710?
0
What is the ten thousands digit of 65718?
6
What is the ten thousands digit of 2002183?
0
What is the hundred thousands digit of 6880377?
8
What is the ten thousands digit of 12338944?
3
What is the thousands digit of 1402804?
2
What is the millions digit of 13973299?
3
What is the millions digit of 1483683?
1
What is the hundreds digit of 1220472?
4
What is the hundreds digit of 850518?
5
What is the hundred thousands digit of 1859846?
8
What is the millions digit of 1221550?
1
What is the tens digit of 2741018?
1
What is the ten thousands digit of 261586?
6
What is the units digit of 6890717?
7
What is the ten millions digit of 10239970?
1
What is the ten thousands digit of 53663?
5
What is the tens digit of 946578?
7
What is the hundred thousands digit of 594723?
5
What is the units digit of 853189?
9
What is the ten thousands digit of 380700?
8
What is the ten thousands digit of 15251767?
5
What is the units digit of 11181003?
3
What is the tens digit of 117022?
2
What is the hundred thousands digit of 2180491?
1
What is the hundreds digit of 3466334?
3
What is the thousands digit of 1476872?
6
What is the thousands digit of 1318860?
8
What is the ten thousands digit of 10499492?
9
What is the hundreds digit of 3910121?
1
What is the ten thousands digit of 163767?
6
What is the hundred thousands digit of 17598507?
5
What is the ten thousands digit of 385248?
8
What is the millions digit of 2809413?
2
What is the units digit of 3279871?
1
What is the hundreds digit of 158092?
0
What is the hundreds digit of 495013?
0
What is the ten thousands digit of 365360?
6
What is the hundred thousands digit of 465713?
4
What is the hundreds digit of 2852984?
9
What is the units digit of 2095530?
0
What is the ten millions digit of 10504025?
1
What is the units digit of 104425?
5
What is the thousands digit of 9290014?
0
What is the units digit of 1098088?
8
What is the tens digit of 329435?
3
What is the tens digit of 249601?
0
What is the millions digit of 19297609?
9
What is the hundreds digit of 3313872?
8
What is the hundreds digit of 3350963?
9
What is the hundreds digit of 125901?
9
What is the hundreds digit of 90062?
0
What is the hundred thousands digit of 25930193?
9
What is the tens digit of 20545435?
3
What is the ten thousands digit of 3114444?
1
What is the hundred thousands digit of 2457893?
4
What is the hundreds digit of 4591946?
9
What is the millions digit of 6182976?
6
What is the tens digit of 2956534?
3
What is the ten thousands digit of 61221?
6
What is the hundred thousands digit of 10995264?
9
What is the tens digit of 323999?
9
What is the ten thousands digit of 650004?
5
What is the tens digit of 446340?
4
What is the units digit of 47520?
0
What is the units digit of 58207?
7
What is the millions digit of 3423134?
3
What is the tens digit of 232413?
1
What is the hundred thousands digit of 3587727?
5
What is the units digit of 1909307?
7
What is the hundred thousands digit of 7044905?
0
What is the thousands digit of 9197758?
7
What is the thousands digit of 643428?
3
What is the hundred thousands digit of 1124181?
1
What is the units digit of 1020447?
7
What is the ten thousands digit of 28469055?
6
What is the ten thousands digit of 1876100?
7
What is the hundred thousands digit of 2959991?
9
What is the units digit of 6412102?
2
What is the tens digit of 2802026?
2
What is the millions digit of 4420638?
4
What is the hundred thousands digit of 1226294?
2
What is the hundreds digit of 49215?
2
What is the ten thousands digit of 1336229?
3
What is the hundred thousands digit of 5095284?
0
What is the tens digit of 170824?
2
What is the ten thousands digit of 537492?
3
What is the millions digit of 8505972?
8
What is the thousands digit of 61814?
1
What is the units digit of 18795?
5
What is the ten thousands digit of 436137?
3
What is the units digit of 388?
8
What is the millions digit of 6097164?
6
What is the tens digit of 138169?
6
What is the hundred thousands digit of 3103562?
1
What is the hundreds digit of 1176250?
2
What is the hundred thousands digit of 44523745?
5
What is the ten thousands digit of 621877?
2
What is the hundreds digit of 4594476?
4
What is the tens digit of 525870?
7
What is the ten millions digit of 28045907?
2
What is the ten thousands digit of 907685?
0
What is the ten millions digit of 14682206?
1
What is the ten millions digit of 34943075?
3
What is the units digit of 699717?
7
What is the hundred thousands digit of 26668118?
6
What is the tens digit of 8790794?
9
What is the tens digit of 2412287?
8
What is the tens digit of 686880?
8
What is the ten thousands digit of 6922924?
2
What is the ten thousands digit of 148515?
4
What is the hundreds digit of 4103282?
2
What is the units digit of 202990?
0
What is the units digit of 21831762?
2
